= -13*d - 9. Calculate the remainder when 742/(-4)*d*5/(-10) is divided by 34.
31
Let c(q) = -2*q + 4. Let y be c(-3). Let j be -30*((-15)/y)/(-1). Let p = -9 - j. What is the remainder when 70 is divided by p?
34
Let w = 1855 - 1687. Calculate the remainder when w is divided by 4.
0
Let a = -80 - -83. Suppose s = 5*o - 11, a*o + 0*s + s = 13. Suppose 8*q - 15 = 3*q, 2*l = o*q + 51. What is the remainder when 117 is divided by l?
27
Let d = -125 + 130. Suppose -d*c - w + 90 = 2*w, 2*w = 3*c - 73. Calculate the remainder when 144 is divided by c.
18
Suppose a - 1239 = -0*a + o, -o - 3725 = -3*a. What is the remainder when a is divided by 83?
81
Let c = 21857 - 21816. Let p(r) = 2*r**2 - 9*r + 13. What is the remainder when p(-12) is divided by c?
40
Let x = 440 - 393. Suppose -4*z - 52 = 3*t - 889, -t = -3*z - 279. What is the remainder when t is divided by x?
44
Suppose 0 = -118*c + 112*c - 132. What is the remainder when 77 is divided by (-194)/c - 32/(-176)?
5
Suppose 171 = 7*n + 2*n. Let b = 101 + n. What is the remainder when b is divided by 62?
58
Suppose -12*x = -161 + 581. Let c = 68 + x. What is the remainder when 61 is divided by c?
28
Calculate the remainder when 1543 is divided by (((-5)/(-2))/5)/((-383)/(-235162)).
8
Let k = -1591 - -1686. Let g(a) = -a + 9. Calculate the remainder when k is divided by g(-7).
15
Suppose -6*w + 5*w = 0. Let y(h) = -h**3 + 3*h + 502. What is the remainder when y(w) is divided by 63?
61
Suppose 3*l + 37 = 4*r, 4*l + 10 = -3*r - 6. Let p be (4 - 5)*(l - -4)*-1. Let v(k) = 7*k + 31. What is the remainder when 35 is divided by v(p)?
5
Suppose -2*v + n = -3*n + 134, -n = -4*v - 303. Let s = -45 - v. Calculate the remainder when s is divided by 12 - (16/(-56))/((-5)/(105/2)).
5
Let f = -737 + 743. What is the remainder when f/(-4)*(-7 - 2644/12) is divided by 7?
5
Let h be (-2)/6 - (-1378)/39. Let b = h + -9. Let v(g) = g**2 - 4*g - 2. What is the remainder when b is divided by v(6)?
6
Suppose 0 = 170*z - 154*z - 2928. Suppose 0 = -4*i + 4*y + 12, 4*i + 0 = -5*y + 57. Calculate the remainder when z is divided by i.
7
Let p be (-20)/(-5) + 1 + -5. Suppose p = -4*j + 2*r + 22, 12*j + 3*r = 7*j + 11. Calculate the remainder when 20 is divided by j.
0
Suppose 1774 = 3*c - o, -3*o = -c + 1005 - 419. What is the remainder when c is divided by 4?
0
Let a be 406 + ((-4)/(-1) - 0). Suppose a - 44 = 3*o. Calculate the remainder when o is divided by 40/(-15)*(-66)/8 - -3.
22
Suppose -94*g + 1080 = -2378 - 2746. What is the remainder when 383 is divided by g?
53
What is the remainder when 2 + 456 + 0 - (53 - 55) - 3 is divided by 47?
34
Suppose o = -5*q - 1 + 3, 5*o = -5*q + 10. Let t = 13 + -5. Let s = t - o. What is the remainder when 17 is divided by s?
5
Let m be ((-27)/(-2))/3*(-50)/5. Let o = m - -65. Calculate the remainder when 159 is divided by (-210)/(-4) - (-30)/o.
51
Suppose 0 = 8*j - 16*j + 120. Suppose 3*i = -5*v - 0*i + 23, 5*v = -5*i + j. Suppose 2*w - 63 = -9. Calculate the remainder when w is divided by v.
6
Let m(t) = -t**2 + 16*t - 8. Let w be m(11). Suppose -57 = -4*r + w. Let c(o) = -o**2 - 25*o - 130. What is the remainder when r is divided by c(-17)?
2
Suppose 4*i - 4*w - 1164 = 0, 14*w + 296 = i + 18*w. What is the remainder when i is divided by 76?
64
Let v be (82/(-4) - 1)/(4/(-8)). Suppose u = -5*g - 6, -4*g - v = -2*u - 13. What is the remainder when 2*(-2)/4*-59 is divided by u?
5
Suppose -6*m = 65*m - 7*m - 113408. Calculate the remainder when m is divided by 148.
144
Let t(l) be the second derivative of 1/20*l**5 - 1/2*l**3 + 0 - 26*l - 1/12*l**4 + 43/2*l**2. Calculate the remainder when t(0) is divided by 5.
3
Let s(p) = -67*p + 635. Calculate the remainder when 1181 is divided by s(9).
29
Let f = -30364 - -30739. What is the remainder when f is divided by 92?
7
Let h = 240 + -167. Let f(k) = h*k**2 + 9*k - 5 + 3*k - 36*k**2 - 34*k**2. Calculate the remainder when f(-7) is divided by 30.
28
Let m = -1018 - -9858. Calculate the remainder when m is divided by 29.
24
Let u = 208 + -203. Suppose p - 322 = -5*h, -u*p = 49*h - 53*h - 1639. Calculate the remainder when p is divided by 4.
3
Suppose 0 = -8*r + 10*r - 420. Suppose 0 = 2*p - r - 50. Let x = -339 - -350. What is the remainder when p is divided by x?
9
Let h = -21 - -27. Suppose -9 - 27 = -9*d. Suppose -d*r + 144 = 5*r. What is the remainder when r is divided by h?
4
Let l(n) = -4*n - 3 + 10*n + 2*n. Suppose 2*k - 64 = -60. Calculate the remainder when 128 is divided by l(k).
11
Suppose -7*h = -2*h - 3*p - 537, 3*h = 4*p + 309. What is the remainder when 443 is divided by h?
110
Suppose q = -3*b + 244, -q = -4*b + 8*b - 239. Calculate the remainder when 2050 is divided by q.
237
Let a be (-12)/(-7 + 6 + 2). What is the remainder when 324 is divided by 13 - 1 - (a - -11)?
12
Let b = 462 + 160. Suppose 11*k - 50 = 93. What is the remainder when b is divided by k?
11
Let f = -4 - -6. Suppose -f*v + 16 = -10. Suppose 0*w - 15 = -3*w. What is the remainder when v is divided by w?
3
Suppose -m - 5 + 9 = 0. What is the remainder when 8/26 + 9430/533 is divided by m?
2
Suppose -313*b + 1458 = -286*b. Calculate the remainder when 324 is divided by b.
0
Suppose -5*m - 4*b + 302 = 48, -2*b = -2. Suppose -m = -3*y - 6*l + l, 20 = 5*l. Calculate the remainder when 507 is divided by y.
7
Suppose 2*o + 2412 = 2*q, 7*o + 6461 - 429 = 5*q. Calculate the remainder when q is divided by 134.
133
Suppose -24*d + 10 = -29*d, -2*d - 704 = -10*k. What is the remainder when 206 is divided by k?
66
Suppose 1324 = 5*g + a, -4*g = -4*a - 817 - 247. Let t = 271 - g. What is the remainder when 13 is divided by t?
1
Let q(m) = m**3 - 22*m**2 - 55*m + 16. Let l be q(24). What is the remainder when 214 is divided by l/(-12)*((-4 - 0) + 7)?
24
Let n = -11 - -21. Suppose -54 = 5*y - t, -y = -2*t + 7*t - n. What is the remainder when 92 is divided by ((-38)/(-3))/(y/(-15))?
16
Let u(b) = 5*b**2 + 69*b + 866. Calculate the remainder when u(-19) is divided by 76.
68
Let p = -34147 + 34159. What is the remainder when 1817 is divided by p?
5
What is the remainder when (-112)/6*(16 - (-824)/(-32)) is divided by 55?
17
Let i(r) = 79*r + 2195. Calculate the remainder when i(-19) is divided by 29.
27
Suppose 10*p + 300 = 30*p. Let a = 276 - 23. What is the remainder when a is divided by p?
13
Let o be 9/(-21) - (-34)/14. Suppose 5*l = -4*f + 400, o*f = -5*l + 6*f + 360. Calculate the remainder when l is divided by (-8 + 2)/((-3)/(-2)) - -30.
24
Let a(m) = m**3 - 43*m**2 - 78*m + 1734. Suppose -4*f = l - 3, 3*l - 33 = -6*f + 2*f. What is the remainder when a(44) is divided by l?
13
Let y(b) = -5*b**3 + b**2 + 3*b + 3. Let k = 8263 - 8254. What is the remainder when y(-2) is divided by k?
5
Calculate the remainder when (-2610)/(-580)*(-1352)/(-6) is divided by 249.
18
Suppose -10*a - 5*a - 410 = -3290. Calculate the remainder when a is divided by 104.
88
Let s(t) = t**3 + 5*t**2 + 4*t + 7. Let g(y) = 3*y - y + 0*y + 8. Let m be g(-6). Calculate the remainder when 16 is divided by s(m).
2
Let k = -5937 + 6259. Calculate the remainder when k is divided by 23.
0
Let f(x) = -23*x**2 - 150*x + 12. Suppose 2*i = 2*r - 16, 5*i - r - 2 = 6*i. Let n(u) = -6*u - 5. What is the remainder when f(i) is divided by n(-4)?
16
Let t(i) = i + 4. Let k(m) = -m**2 + 17*m - 4. Let p be k(17). Let s be t(p). Suppose s - 28 = -4*j. What is the remainder when 41 is divided by j?
6
Let j be -13*6/9*(-6)/(-4). Let m be 41/2*(-3 - j) + 0. Let s = m - 144. What is the remainder when s is divided by 17?
10
Let l be -4 + 4*2/16*28. What is the remainder when 228 is divided by ((l + -6)/(-16))/(2/(-472))?
51
Suppose -4*n - 21 + 16 = -3*v, 4*n = -4*v + 16. Let w(a) = a + 11. Calculate the remainder when w(0) is divided by v.
2
Let c(o) = o**2 - 14*o. Let z be c(-6). Suppose 80*x + z = 85*x. Calculate the remainder when ((-27)/(-6) + 1)*8 is divided by x.
20
Suppose 0 = -5*m + g + 227, g + 43 = m - 0*g. Calculate the remainder when ((-102)/(-15))/(3*5/600) is divided by m.
42
Let h = 2974 - 2682. Calculate the remainder when h is divided by 43.
34
Suppose -2*a = a - 270. Let n(c) = 45*c**2 + 9*c - 16. Calculate the remainder when a is divided by n(1).
14
Suppose 87 = 12*d + 27. Suppose 5*g = -3*v + 100 -